alse
Is 7901327 a prime number?
False
Is 98755937 a composite number?
True
Is 18097991 a prime number?
True
Is 183151 composite?
False
Is 101641339 composite?
False
Is 723787 a composite number?
True
Is 17037217 prime?
True
Is 9501851 a composite number?
False
Is 584027 a prime number?
True
Is 102168133 a composite number?
False
Is 43150565 prime?
False
Is 16315561 prime?
True
Is 4125991 a composite number?
False
Is 64153147 prime?
True
Is 680123 a prime number?
True
Is 15828041 prime?
True
Is 42176821 prime?
False
Is 1964297 composite?
False
Is 130638623 a composite number?
True
Is 6515969 a prime number?
False
Is 111052033 a prime number?
True
Is 1264547 a composite number?
True
Is 71695927 a prime number?
False
Is 407641 a prime number?
False
Is 564647 composite?
True
Is 1846703 composite?
False
Is 282845 a composite number?
True
Is 374577703 composite?
False
Is 22850591 composite?
False
Is 48834493 a prime number?
True
Is 492456707 composite?
False
Is 69862033 prime?
True
Is 86666479 prime?
True
Is 6991597 composite?
False
Is 13111415 composite?
True
Is 25132391 prime?
True
Is 212647 a composite number?
True
Is 41864705 prime?
False
Is 15988379 a prime number?
False
Is 73949123 a prime number?
True
Is 19560547 composite?
False
Is 526256713 a composite number?
True
Is 52772123 composite?
True
Is 102617903 prime?
True
Is 648481 composite?
False
Is 3986353 prime?
False
Is 15962783 prime?
False
Is 18002641 prime?
True
Is 1928831 composite?
False
Is 672387 a composite number?
True
Is 803141 a composite number?
False
Is 695561 composite?
False
Is 99998411 composite?
True
Is 11594039 composite?
False
Is 7497817 a composite number?
False
Is 713597 prime?
True
Is 187929089 a prime number?
True
Is 3169313 a prime number?
False
Is 1968607 prime?
False
Is 96358697 prime?
True
Is 18395957 composite?
False
Is 7075661 a composite number?
False
Is 5463433 prime?
False
Is 334935017 a prime number?
True
Is 106993 a prime number?
True
Is 10351039 a composite number?
True
Is 252911 prime?
True
Is 73423997 composite?
False
Is 1399111 a prime number?
False
Is 1774813 prime?
True
Is 5823847 a prime number?
False
Is 37540821 a composite number?
True
Is 125325581 a prime number?
False
Is 1213903 a composite number?
True
Is 50362777 composite?
True
Is 1306115 a composite number?
True
Is 4470911 a composite number?
False
Is 211711 a prime number?
True
Is 812059 prime?
False
Is 3525283 a composite number?
True
Is 66848261 a composite number?
False
Is 438764861 a prime number?
True
Is 12284003 prime?
True
Is 431809771 prime?
False
Is 26393909 a composite number?
False
Is 3475547 a prime number?
False
Is 653197 a composite number?
False
Is 937985 composite?
True
Is 393287 prime?
True
Is 234809353 prime?
False
Is 4381159 a prime number?
True
Is 19958957 prime?
True
Is 99317201 prime?
True
Is 214723 prime?
True
Is 17011499 composite?
True
Is 347884601 prime?
True
Is 180969293 a composite number?
False
Is 232333 prime?
True
Is 361018447 a prime number?
False
Is 7484287 a prime number?
True
Is 105593 composite?
True
Is 24326257 composite?
False
Is 1201777 a prime number?
False
Is 29235487 prime?
True
Is 170376445 a prime number?
False
Is 18149723 composite?
True
Is 6392761 prime?
False
Is 113581159 composite?
True
Is 10815577 composite?
False
Is 28320959 a prime number?
False
Is 601061 composite?
False
Is 319301 composite?
True
Is 25169539 composite?
False
Is 4468537 composite?
False
Is 77042389 a prime number?
True
Is 70192351 composite?
False
Is 3274567 a prime number?
False
Is 8966995 composite?
True
Is 248188723 prime?
True
Is 40009327 a composite number?
True
Is 11913619 prime?
True
Is 145244159 a prime number?
True
Is 95658833 a composite number?
False
Is 159369551 a prime number?
False
Is 4630267 a composite number?
True
Is 1385171 a prime number?
True
Is 650397155 prime?
False
Is 105489901 a prime number?
False
Is 718027 a composite number?
True
Is 662203 a composite number?
False
Is 33172709 a composite number?
False
Is 742780789 a prime number?
True
Is 2512597 a prime number?
True
Is 370511 a prime number?
True
Is 63042701 composite?
True
Is 134628961 a prime number?
True
Is 15455555 composite?
True
Is 84268897 a composite number?
False
Is 238308991 a prime number?
True
Is 16268809 a prime number?
True
Is 171948167 a composite number?
False
Is 7798457 prime?
True
Is 6838729 prime?
True
Is 22958777 a composite number?
False
Is 1553401 a prime number?
True
Is 888091 composite?
False
Is 38003326 prime?
False
Is 2613313 prime?
True
Is 2199781 a prime number?
True
Is 133769 a composite number?
False
Is 13782829 prime?
True
Is 124934311 a composite number?
True
Is 18580853 a composite number?
False
Is 3708349 a composite number?
False
Is 8861113 a composite number?
False
Is 3516641 composite?
False
Is 108150877 prime?
False
Is 145941193 composite?
False
Is 660757 prime?
True
Is 600167 composite?
False
Is 24617029 a prime number?
False
Is 199035947 composite?
True
Is 1093427 composite?
False
Is 25222181 composite?
False
Is 374335433 composite?
False
Is 102368531 prime?
True
Is 65460533 composite?
False
Is 9800119 a composite number?
True
Is 188615533 composite?
False
Is 19558705 a prime number?
False
Is 9445673 composite?
False
Is 234279251 a composite number?
True
Is 24053287 prime?
True
Is 4677779 composite?
False
Is 222085 prime?
False
Is 1671427 prime?
False
Is 2505439 prime?
False
Is 14798699 composite?
False
Is 35066539 a prime number?
False
Is 1466359 a composite number?
True
Is 48655583 a composite number?
False
Is 693659 composite?
False
Is 219571301 composite?
False
Is 59100515 prime?
False
Is 12151147 a composite number?
False
Is 13328797 a prime number?
True
Is 516108463 a prime number?
False
Is 2145611 a composite number?
True
Is 574247 a prime number?
False
Is 178818701 a prime number?
True
Is 83402285 a prime number?
False
Is 6702733 composite?
False
Is 6482171 composite?
False
Is 2523567 prime?
False
Is 734426717 a composite number?
True
Is 10604779 prime?
False
Is 740711 a prime number?
True
Is 7680377 a composite number?
False
Is 2790383 prime?
False
Is 7792207 a prime number?
True
Is 75131341 a prime number?
True
Is 185711935 a prime number?
False
Is 3906457 a composite number?
True
Is 171062923 a composite number?
False
Is 2972401 prime?
False
Is 1549451 a prime number?
False
Is 4017499 composite?
False
Is 16628837 a prime number?
False
Is 40703087 a prime number?
True
Is 4362263 a composite number?
True
Is 113720615 prime?
False
Is 5467789 a prime number?
False
Is 15929767 a composite number?
True
Is 316021901 prime?
False
Is 9111803 a prime number?
True
Is 12183862 a composite number?
True
Is 1594207 a prime number?
True
Is 80859143 composite?
True
Is 15707743 a prime number?
True
Is 38002073 a composite number?
False
Is 3657757 prime?
False
Is 1699457 composite?
False
Is 3483127 a composite number?
True
Is 41244299 a prime number?
True
Is 15922123 a composite number?
True
Is 130166281 composite?
True
Is 82980697 prime?
True
Is 2434777 composite?
True
Is 184109113 prime?
True
Is 111892981 a prime number?
False
Is 603513389 prime?
True
Is 54358039 prime?
False
Is 412771721 a composite number?
False
Is 8893751 a prime number?
True
Is 66296177 composite?
False
Is 3697581 a prime number?
False
Is 30074201 composite?
False
Is 128420393 prime?
True
Is 7604633 prime?
False
Is 100080991 prime?
False
Is 24593707 prime?
True
Is 422123939 prime?
False
Is 1698457 composite?
True
Is 56448451 prime?
True
Is 77297749 a prime number?
False
Is 11782897 a composite number?
True
Is 10969373 a prime number?
True
Is 90400363 prime?
False
Is 23662721 a composite number?
True
Is 17490553 composite?
False
Is 141463991 a prime number?
True
Is 19253 a prime number?
False
Is 8549683 prime?
True
Is 45127399 prime?
True
Is 31643707 a prime number?
False
Is 3879829 a composite number?
False
Is 2752933 composite?
False
Is 34279435 a composite number?
True
Is 16871597 a prime number?
True
Is 185617 prime?
False
Is 1093577 a prime number?
True
Is 3741919 a composite number?
False
Is 505013 prime?
False
Is 2964779 composite?
True
Is 98269781 prime?
False
Is 2311223 a composite number?
False
Is 657067 a composite number?
True
Is 3653399 a prime number?
False
Is 2352589 composit